ivisor of u and w.
2
Let y(p) = 3*p**2 - 16*p - 5. Let g be y(6). What is the greatest common factor of 28 and g?
7
Let z(y) = y - 2. Suppose -3*l - 4*a + 8 = -l, 4*l + 3*a - 11 = 0. Suppose j - 8 + l = 0. Let h be z(j). What is the greatest common divisor of 28 and h?
4
Suppose 0*f - 4*f + 4 = 0. Let p be 33/6*(f - 3). Let v = 17 + p. What is the highest common divisor of v and 3?
3
Let l be (6 - 1) + (-6)/2. Suppose 116 = l*f + 14. What is the greatest common divisor of f and 34?
17
Let l(v) = 5*v**2 - 3*v. Let z be l(3). Suppose r + 12 = -2*r, -q + 3*r = -24. What is the highest common factor of z and q?
12
Suppose -3*h - l + 49 = 0, -4*h + 42 = 3*l - 25. Calculate the greatest common divisor of h and 16.
16
Let l(m) = 4*m**3 - 6*m**2 + 1. Let s be l(4). Suppose 89 = 5*h + 5*q - 51, -2*q = 3*h - 79. What is the highest common factor of h and s?
23
Suppose 2*q - 2*n - 248 = 0, -4*n + 2*n - 8 = 0. Let b = 50 + -30. What is the highest common divisor of b and q?
20
Suppose 0 = -5*h - 5*n + 160, -2*h = -3*h - 5*n + 24. Calculate the highest common factor of h and 374.
34
Let t be 2/(-8) - (-129)/4. Calculate the highest common factor of t and 8.
8
Suppose 4*y = -2*q + 8, -10 = -y - 4*y. Let l(z) = z**2 - z + 8. Let h be l(q). Calculate the greatest common factor of 1 and h.
1
Let y = -13 - -49. What is the highest common factor of 54 and y?
18
Let j = 3 + 3. What is the highest common factor of j and 48?
6
Let l = -85 + 121. Calculate the greatest common divisor of 9 and l.
9
Suppose -z + 0*z + 2 = 0. Let u = -2 + z. Suppose 2*o + o = f - 65, 4*f - 2*o - 310 = u. What is the greatest common divisor of f and 32?
16
Let u(f) = -8*f**2 + 13*f - 8 - 1 - 4*f + f**3. Let a be u(7). Suppose 17 = a*p - 28. What is the greatest common factor of p and 99?
9
Suppose 40 + 30 = 7*v. Calculate the highest common divisor of 30 and v.
10
Let x = 82 + -40. Let u(o) = o**2 + 6. Let i be u(0). Calculate the greatest common divisor of x and i.
6
Suppose -16 - 1 = -u. Calculate the greatest common factor of u and 119.
17
Let c be (3/6)/(2/24). Let d(i) = -i**2 + 6*i - 6. Let o be d(c). Let x = 7 - o. What is the greatest common divisor of 13 and x?
13
Let r = 0 - 2. Let m = 0 - r. Let g(x) = -x**3 + 6*x**2 + 6*x + 8. Let o be g(7). What is the highest common divisor of o and m?
1
Let x(l) = -7 + l**2 + l**3 - 2*l**2 + 4*l + 3. Let s be x(4). What is the highest common divisor of s and 24?
12
Let m(n) be the first derivative of n**4/4 - n**3/3 - 1. Let p be m(2). Let w be 5/((-5)/(-32)) - (4 - 0). Calculate the highest common divisor of p and w.
4
Let d be (1 - -12*2) + 1. Calculate the greatest common factor of 208 and d.
26
Suppose 0 = 5*o - b + 2*b - 75, -5*b = 0. Calculate the highest common factor of o and 10.
5
Suppose 0 = -p - 3*p + d + 256, 4*d = 2*p - 142. Let u(i) = i + 9. Let r be u(0). What is the highest common factor of r and p?
9
Suppose 39 = -2*y + 3*y. Calculate the highest common divisor of y and 13.
13
Let r = -27 + 49. Suppose 0*l - 21 = -3*l. Let c(o) = 2*o - 12. Let g be c(l). What is the greatest common divisor of g and r?
2
Let y = 9 - 7. Suppose 3*z - 4*s = -5, -4*s = -2*z - y*z. Suppose -3*f = 4*x - 3, 2*x = -z*f + 11 + 8. What is the highest common divisor of 5 and f?
5
Let h(v) = -v**2 - 5*v - 1. Let j be h(-4). Suppose 3 = 3*g - j. Suppose o = 5, 0 = 3*u - g*o - 6 - 5. Calculate the highest common divisor of 1 and u.
1
Let v be 185 + -2 + (-1 - -2). Let k be v/6 - 10/15. Let s be -1*4/2 - -77. What is the highest common divisor of k and s?
15
Let o be 2 - (-2)/(0 - 1). Suppose 0 = -o*j - 2*j + 352. What is the greatest common divisor of 22 and j?
22
Let u(k) = k**3 - 15*k**2 + 16*k - 9. Let j be u(14). Let w(d) = -25*d - 5. Let i be w(-4). What is the greatest common divisor of j and i?
19
Let h be -1 - 0 - (-9 + 4). Suppose -h*j - 7 = -5*j. Calculate the greatest common factor of j and 77.
7
Suppose 0*g + 2*g = -3*j + 269, 4*j - 2*g = 382. Calculate the greatest common divisor of j and 62.
31
Let u = 1164 - 694. Suppose 0 = -3*l + 2*j + 355, 5*l - j = l + u. Calculate the highest common factor of 13 and l.
13
Let b(y) = 55*y - 1. Let o be b(1). Let k be (4 + 95/(-20))*-180. Calculate the greatest common divisor of k and o.
27
Let p be (14/(-4))/(2/4). Let j = 27 + p. What is the highest common factor of j and 220?
20
Suppose -100 = -5*r + 280. What is the greatest common factor of r and 19?
19
Let j = 23 + -20. What is the greatest common divisor of j and 12?
3
Suppose 0 = 20*c - 35*c + 855. What is the greatest common divisor of c and 19?
19
Let a(u) = 6*u**3 - u**2 + 1. Let q be a(1). Let h(i) = -7*i + 9. Let j be h(q). Let f = j - -81. What is the greatest common factor of f and 6?
6
Suppose 5*q - 11 = 4. Suppose -3*k + 267 = q*l, 3*l + 4*k = 2*l + 104. Calculate the highest common factor of l and 12.
12
Let m = -26 - -45. What is the highest common divisor of m and 152?
19
Let a(g) = -g**3 - g**2 + 2*g + 14. Let p be a(0). What is the greatest common factor of p and 14?
14
Let u = 131 + -94. Calculate the highest common divisor of u and 74.
37
Let j = -33 + 75. What is the greatest common factor of j and 70?
14
Suppose -35 = -5*r - 0*r - 4*i, 5*r = -2*i + 35. Suppose -3*m + 57 = a, 5*m = r*m - 10. Calculate the highest common divisor of 28 and a.
14
Let n be (-6)/5*-6*25. Let t be (8/10)/(6/n). Calculate the greatest common divisor of 12 and t.
12
Let n(c) = -c**2 - 17*c - 6. Let u be n(-16). What is the greatest common divisor of u and 15?
5
Let p = 60 + 8. Suppose p = -0*u + u. What is the highest common divisor of 17 and u?
17
Suppose -2*y + 64 = -74. Calculate the greatest common factor of 46 and y.
23
Let j = 319 + -127. What is the greatest common factor of 24 and j?
24
Let f be ((-10)/(-4))/((-21)/(-1722)). What is the highest common divisor of 41 and f?
41
Let q be -2 + 2/2 + -19. Let m be (-91)/(-2) - (-30)/q. Let a be (-1 - (-2)/(-4))*-44. What is the greatest common divisor of a and m?
22
Let q(y) = -y + 2. Let l be q(4). Let w be 16 + l/2*1. Let n be 18/(-4)*(-400)/60. Calculate the greatest common divisor of w and n.
15
Let s be 4 + -2 - (1 + -1). Suppose 0 = g - s*g - 5*v - 13, v + 9 = 3*g. Suppose 0*c - 26 = -g*c. Calculate the greatest common factor of 65 and c.
13
Suppose -5*b - 62 = -3*r - 6*b, -4*r + 81 = 3*b. Let k = 30 - r. Calculate the highest common factor of 9 and k.
9
Suppose -3*t = 5*y - 18, -5*t + 4*y + 45 = -2*t. Calculate the highest common divisor of t and 88.
11
Let y be ((-10)/(-3))/((-4)/(-24)). What is the greatest common divisor of 80 and y?
20
Suppose 5*c - 2*g = 63, 0 = -3*c + 2*c + 2*g + 11. What is the highest common divisor of 52 and c?
13
Let q(v) = v**3 - 3*v**2 + v - 7. Let z be q(4). Calculate the greatest common divisor of 78 and z.
13
Suppose 5*z = 9 + 6. Suppose 5*q - 3*p = 25, -15 = -0*q - 3*q - 5*p. Suppose s - 14 = -s - 3*x, -q*s = z*x - 17. What is the highest common factor of 3 and s?
1
Let k(l) = 14*l. Let a be k(7). Let u = a - 14. Suppose 0 = 5*s - 2*m - u, m - 6 = -m. What is the highest common divisor of s and 45?
9
Let a be (5/(-10))/((-1)/56). Let s = -5 - -9. Calculate the highest common divisor of s and a.
4
Suppose 3*q + 75 = 8*q. Let y = -1 - -3. Let w = 4 + y. What is the greatest common divisor of w and q?
3
Let g be 3/(-2)*64/(-6). Let r = g - 7. Suppose r*s - 90 = 4*s. What is the greatest common divisor of 2 and s?
2
Suppose -5 = -p - 4*p. What is the highest common divisor of p and 1?
1
Let x(h) = 11*h + 68. Let g be x(-4). What is the greatest common factor of 132 and g?
12
Suppose -203 = -3*w + 94. Let n be ((-12)/(-2) - -1) + 2. Calculate the greatest common factor of n and w.
9
Suppose -2*y - 21 = -9*y. Calculate the greatest common divisor of 21 and y.
3
Let a be 251/6 + 4/24. Suppose 4*n - 2*c = 120, n + 2*c + 2*c - 12 = 0. Calculate the highest common divisor of n and a.
14
Let q = 27 - 17. What is the greatest common divisor of q and 2?
2
Suppose 10 = -4*r - r + 4*k, 5*r = k + 5. Suppose -r*c - 2 = -2*f - 2*f, -5*c = -15. Let g be 1 + -1 - 0 - -22. What is the greatest common divisor of f and g?
2
Suppose -5*s = -7 - 293. Let c = -4 - -28. What is the greatest common factor of s and c?
12
Suppose -y + 468 = 12*y. Let t(m) = m**2 - 3*m - 1. Let q be t(